Let t(c) = c**3 - c**2 - 3*c - 4. Determine t(u).
5
Let n(h) be the third derivative of -h**5/60 - h**4/6 - 5*h**3/6 + h**2. Let m = 26 - 30. What is n(m)?
-5
Let s = -13 - -15. Let p(d) be the first derivative of -d**3/3 - 2*d + 2. What is p(s)?
-6
Let h(p) = 3*p - 12. Let g be h(8). Let j(i) = 9*i + 6 - 3*i + i**2 - g*i. Determine j(4).
-2
Suppose 2*j - 8 = -2*j. Let i(b) = -2*b - b**2 - j*b + 6*b. Calculate i(1).
1
Let l = 10 - 6. Suppose -2*j = g - 2, -l*j + 2 = g - j. Let r(h) = -h**g - 6*h**3 + 3*h**3 + h + 2*h**3. What is r(1)?
-1
Let o(m) = -m**3 + 3*m**2 + 5*m - 5. Suppose 2*z - 6 = -4*h, 0 = -5*h + h + 3*z + 31. Calculate o(h).
-1
Let q be 114/24 + (-2)/(-8). Let g(i) be the third derivative of i**6/120 - i**5/10 + i**4/6 + i**3/3 + i**2. Let w be g(q). Let n(f) = -f - 7. Determine n(w).
-4
Let y = -21 - -17. Let o(u) = u**3 + 4*u**2 + u - 1. Calculate o(y).
-5
Let l(k) = 6*k - 18. Let c(j) = j - 3. Let v(y) = -34*c(y) + 6*l(y). Let r(x) be the first derivative of -x**2 - 8*x - 2. Let a be r(-6). Give v(a).
2
Let n(t) be the third derivative of 0 + t**3 - 3*t**2 + 0*t + 1/24*t**4. Suppose 4*h + 4 = 2*z, 2*z - h - 1 = 6*z. What is n(z)?
6
Let y(x) be the second derivative of -x**5/20 - x**4/6 + x**3/2 - x**2/2 - 7*x. What is y(-3)?
-1
Let o(r) = -r. Let q be o(-2). Suppose 0 = q*n - 3*n + 2. Let z(j) = -10 + 10 + 2*j - j. Give z(n).
2
Let g(p) = -p - 1. Suppose 0 = -4*v + 21 + 11. Suppose 2*c - 4*c = 10. Let s = v + c. Determine g(s).
-4
Suppose 0 = o + 4*o + 25. Let l(u) = -6*u**2 - 10*u - 1. Let m(y) = 7*y**2 + 11*y. Let k(d) = 6*l(d) + 5*m(d). Calculate k(o).
-6
Let z(l) = l - 1. Let q = 23 + -19. Determine z(q).
3
Let v(h) be the third derivative of h**4/24 + 7*h**3/6 - 2*h**2 - 4*h. Determine v(-7).
0
Let h(s) = s**3 + 7*s**2 + 7*s + 5. Suppose 5*o = -0*v - 2*v - 12, 0 = o. Let x be h(v). Let p(n) = 4*n**3 + n**2. Calculate p(x).
-3
Let a(m) = 0*m - 2*m + 6*m - 3*m. Determine a(1).
1
Let q(z) be the first derivative of z**4/4 - 2*z**3 - z**2/2 + 2*z - 4. What is q(6)?
-4
Suppose 0 = 11*d - 4*d. Let h(m) = -5*m + 7. Let v(q) = q. Let o(g) = -h(g) - 4*v(g). What is o(d)?
-7
Let o(y) = -y**3 - 11*y**2 + 4. Let j be o(-11). Let l(u) = 8*u - 4 + 1 + j. Suppose -3*q - 2 = -5. What is l(q)?
9
Let g(t) = t**2 + 5*t + 2. Let y = 42 - 22. Suppose f - l = -5 - 3, l = 4*f + y. Give g(f).
-2
Let g be (-2)/((5/2)/5). Let x(d) = -1. Let z(j) = -2*j**2 - 3. Let m(q) = g*x(q) + z(q). What is m(-2)?
-7
Suppose -3*k - 2 = -y, 0 = 5*y - k - k + 3. Let q(x) = -x**3 + 6*x + 6. Let r(f) = 2*f**3 - 17*f - 17. Let w(g) = 17*q(g) + 6*r(g). What is w(y)?
5
Let w(x) = -1 + 0*x**3 + x**3 + 2*x**2 + 5*x**2 - x + 0*x**2. Let m be w(-7). Let j(v) = -v**3 + 7*v**2 - 5*v + 4. What is j(m)?
10
Suppose -2*k + 2 = -8. Suppose 3*s - k*z = -38, -3*z + 32 = -2*s + 8. Let b(i) = -i**2 - 6*i - 7. Give b(s).
-7
Let i(v) = 3*v**2 - 9*v + 4. Let u(w) = -2*w**2 + 6*w - 3. Let r(q) = -5*i(q) - 8*u(q). Let y = -3 - -6. Give r(y).
4
Let m(w) = -w + 4. Let o(c) = 4*c - c - 2*c - 3. Let u be o(9). Determine m(u).
-2
Let f(g) = 2*g + 2. Suppose 0*q - 2*q = 0. Suppose -3*u + 0*u + 12 = q, -u - 16 = 4*l. Determine f(l).
-8
Let o(n) = 4 - 3 + n - 8. Give o(5).
-2
Suppose -4 + 2 = -2*r. Let f(y) = y**3 + 2*y**3 - 2*y**3 + r - 2*y - y**2. Suppose -3*i - 5*m = -6*i + 16, 2*i - 14 = 5*m. Determine f(i).
1
Let h = 32 + -18. Suppose 3*v + 5 = -5*u, 4*u = -v - h + 3. Let o(c) = c**3 - 5*c**2 + 2*c - 7. Calculate o(v).
3
Let v(l) = l**2 + 10*l + 10. Suppose 44 = -4*j + 8. What is v(j)?
1
Let k = 0 + 3. Suppose 5*b = k*m + 29, b + 4*m - 2*m = -2. Let j(n) = -n**3 + 4*n**2 + 2*n - 2. What is j(b)?
6
Let b(q) = -q**2 + 7*q + 5. Let f be b(8). Let r = 6 + f. Let s(o) = -o**3 + 3*o**2 - 2*o + 3. Give s(r).
-3
Let c(f) = -f**2 + 20*f - 2. Let z be c(20). Let h(q) = -3*q**2 - 2. Calculate h(z).
-14
Let b(n) = 2*n + 1. Let i(u) = -1. Let z(g) = b(g) + 2*i(g). Let y(p) = -p + 4. Let c be y(7). Determine z(c).
-7
Let p(q) be the second derivative of q**6/120 - q**5/60 - 4*q**3/3 - 3*q**2 + 6*q. Let m(o) be the first derivative of p(o). Determine m(0).
-8
Let c(t) be the third derivative of t**4/12 + 5*t**3/6 + 3*t**2. Suppose o + 53 = 49. Give c(o).
-3
Let w(x) = x - 8. Let j(t) = -t - 10. Let q be j(-8). Let m be (2/4)/(q/24). Determine w(m).
-14
Suppose 3*n = 4*n - 2. Let x(u) = 0*u**n + 5 + 4*u + 0*u**2 + u**2. What is x(-5)?
10
Let n(j) = 6 + 4*j + 2 - 10 - 2*j**2. Give n(3).
-8
Let o(p) be the third derivative of p**6/10 + p**4/24 - p**3/6 + p**2. Determine o(1).
12
Let v be (24/(-9) - -1)*3. Let t = -3 - v. Let o(f) = -f - 1. Let x(n) = -n**2 + 5*n - 1. Let j(s) = -2*o(s) - x(s). Determine j(t).
1
Let l(w) = 3*w - 7*w + 2*w + w - 10. Let a be l(-11). Let m(k) = -12*k + 1. Calculate m(a).
-11
Suppose 1 - 11 = -5*g. Let x(n) = -n**3 - 4*n**2 + 5*n. Let u(m) = -m**3 + m. Let i(f) = 2*u(f) - x(f). What is i(g)?
2
Let n(g) = g**2 + g - 1. Let s(a) = a**3 + 11*a**2 + 8*a - 11. Let i(u) = -2*n(u) + s(u). Determine i(-8).
7
Let h(b) = b - 7. Let s = 1 + -8. Let k(y) = y - 6. Let t(z) = s*k(z) + 6*h(z). Determine t(-4).
4
Let y(s) be the third derivative of s**5/120 - s**4/12 + 7*s**3/6 + 5*s**2. Let f(k) be the first derivative of y(k). Determine f(4).
2
Let y(w) = -3*w**3 - 7*w**2 - 5*w - 7. Let q(u) = u**3 + 4*u**2 + 3*u + 3. Let f(r) = 5*q(r) + 2*y(r). Determine f(7).
-13
Let z = -44 + 40. Let k(u) = -u**2 - 2*u + 2. Determine k(z).
-6
Let w(p) = -2*p + 5. Let z(x) = -x + 2. Let i(j) = -4*w(j) + 9*z(j). Determine i(-5).
3
Let a be (-3)/(-2) + 2/4. Suppose -z + a = -2. Let x(o) be the first derivative of o**4/4 - 5*o**3/3 + 5*o**2/2 + 2. Determine x(z).
4
Suppose -3*q - 19 = 2*z, q + 8 = -3*z - 3. Let s(j) = 6*j - 39. Let a(r) = -r + 8. Let v(y) = z*s(y) - 11*a(y). Give v(-5).
-5
Let o(c) be the first derivative of c**3/3 + c**2/2 - 4*c + 1. Let r(y) = y**2 + 4*y + 3. Let h = 9 - 12. Let q be r(h). Calculate o(q).
-4
Let f(n) = -3*n**2 - 2*n - 2. Let g be f(-1). Let o(u) = -u - 2. What is o(g)?
1
Let i(n) be the first derivative of -n**4/4 + n**3 - n**2 - 2*n + 20. What is i(2)?
-2
Let u(z) = -4*z - 3. Let n(m) = -3*m - 2. Let l(p) = 7*n(p) - 5*u(p). Let o(j) = 2*j + 1 - j + 4. Let f be o(-4). Determine l(f).
0
Let y(b) = -b + 2. Let n = -12 - -10. Calculate y(n).
4
Let t(a) = 3*a**3 - a**2 - 6*a + 5. Let q(m) be the first derivative of -m**4 + 3*m**2 - 5*m + 1. Let x(d) = -2*q(d) - 3*t(d). Give x(4).
3
Let p(d) be the third derivative of d**4/12 - 2*d**3/3 - 8*d**2. Calculate p(3).
2
Let r(q) = -6 - 2*q - 4*q + 2*q**2 + 4*q + 4. Determine r(3).
10
Let k(i) = 2*i**3 - i**2 + i + 1. Let v(l) = 8*l**3 - 5*l**2 + 5*l + 4. Let r(p) = 9*k(p) - 2*v(p). Let w = -11 - -12. Calculate r(w).
3
Suppose 2 = -2*h + 12. Suppose -2*m + 3*m + h = 0. Let l(y) = -2*y - 7. Let j(w) = 2*w + 6. Let v(t) = -5*j(t) - 4*l(t). Give v(m).
8
Let l be -3 + (-1)/(-1) + 0. Suppose 0 = -4*v + 2*v + 4. Let s(u) = -3*u - 6 + 2 - 1 + 2*u**v + u**3 + 2. Give s(l).
3
Let k be (-27)/5 - 4/(-10). Let d(y) be the first derivative of -y**4/12 - y**3 - 3*y**2 - 5*y - 3. Let j(v) be the first derivative of d(v). Determine j(k).
-1
Let a(p) = p**2 + 8*p + 10. Let v be a(-7). Let m(k) = -5*k**3 + 4*k**v - 2*k + 0*k - 1 - k**2. Let i(z) = z**3. Let x be i(-1). Calculate m(x).
1
Let r(i) = -7*i**3 + 3*i**2 - 2*i - 1. Let t(o) = o**2 - 14*o**2 + 9*o + 27*o**3 + 5 - o. Let g = 18 + -20. Let c(w) = g*t(w) - 9*r(w). Calculate c(1).
9
Let j(v) = -v - 4. Let l(d) = 2*d - 5. Let w be l(5). Suppose 2*k + h = w*k + 9, -5*k = -5*h + 15. Let f be -3 + k/6*6. Determine j(f).
2
Let q(h) = -h - 1 + 6 + 0. Let z(u) = u**2 - 10*u - 24. Suppose -10 = -5*v, 0*v - 2*v = -4*d + 44. Let y be z(d). Calculate q(y).
5
Suppose -3*z + 7*z + 96 = 0. Let n be (z/20)/(6/(-20)). Let j(m) = -m**3 + 3*m**2 + 4*m + 2. What is j(n)?
2
Let y(b) be the first derivative of b**2 + 4*b + 6. What is y(5)?
14
Let j(n) = -n + 4. Let r be j(-3). Let m = r + -4. Let a(s) = -s**3 - 1 - s**3 + m*s**3 + 2*s. Give a(1).
2
Let z(h) = h**2 + 13*h + 14. Let q be z(-12). Let o(s) = 44 + 11*s**q - 44. Give o(1).
11
Suppose 2*c - 2 = 3*c. Let l(z) be the third derivative of -z**6/120 + z**3/3 + z**2. Determine l(c).
10
Let z(m) = 3*m**3 - 8*m**2 + 2*m - 5. Let a(y) = 4*y**3 - 9*y**2 + 3*y - 6. L